uppose -3*r + 2 = -4. Suppose 10 = -5*p + 5*k, k - 5*k + 1 = 3*p. Let f be 1 + (-2)/(-1) - p. Calculate the greatest common factor of f and r.
2
Let v be 14/(-98) + (-352)/(-14). Suppose 0 = s - 75. What is the greatest common factor of v and s?
25
Let p be (0 - 1 - -29) + (-44)/22. What is the greatest common factor of p and 78?
26
Suppose -5*o + 11*o = 384. Suppose 3*b + o = 2*z, -2*b + 6*b - 8 = 0. Calculate the highest common divisor of z and 5.
5
Let p(l) = -l + 2. Let h be p(0). Let g(r) = r**2. Let o be g(h). What is the greatest common divisor of 28 and o?
4
Suppose -29 = -3*b - 2*n, 0*b = -2*b - 5*n + 23. Suppose q - b = -0*q. Let j be 9*3*1/q. What is the highest common divisor of j and 15?
3
Suppose -20 = 4*f, -j + 3*f + 93 = 2*j. Calculate the greatest common divisor of 13 and j.
13
Let t = -108 - -185. Calculate the highest common divisor of t and 14.
7
Suppose -2*n + 148 = 4*a, 2*n + 0*a + 2*a - 154 = 0. Let b(z) = -9*z + 5*z - 12*z. Let x be b(-1). What is the greatest common divisor of n and x?
16
Let v be 434/12 + 23/(-138). What is the greatest common factor of v and 48?
12
Let q(l) = l - 5. Let n be q(7). Let t be n/6*(-30)/(-2). Let v(p) = 2*p - 6. Let g be v(8). Calculate the greatest common divisor of t and g.
5
Suppose 0 = -4*r - q + 3*q + 256, -r + 2*q = -61. What is the highest common factor of r and 26?
13
Let v be 1608/54 - 2/(-9). Let o(t) = t**3 + 6*t**2 + 2*t - 3. Let d be o(-5). What is the highest common factor of d and v?
6
Suppose 0 = -6*h + 2*h + 64. Let q = 38 - h. What is the highest common factor of 11 and q?
11
Let h = 1 - -5. Let p = 11 + -8. Calculate the greatest common factor of p and h.
3
Let x be 3390/65 + 2/(-13). What is the greatest common divisor of 104 and x?
52
Suppose -3*i - 5*p + 140 = 0, 6*p + 15 = 3*p. Let b(t) = t**2 + t - 8. Suppose -3*x + 25 = 2*x. Let u be b(x). What is the greatest common factor of i and u?
11
Suppose 4*g - 4*l - 16 = 0, 0 = -2*g + 5*l + 3 + 20. Let k(p) = -35*p + 1. Let m be k(g). What is the highest common divisor of 24 and m?
12
Let t = -15 - -9. Let o(r) = r**2 + 4*r + 2. Let v be o(t). What is the highest common divisor of 126 and v?
14
Let p be 6/(-9) + 180/27. Calculate the highest common divisor of 6 and p.
6
Suppose -4*u = -5*h + 13, 2*u - 3*u = h - 8. Let n(r) = -3*r + 4 - 1 + 2*r - r**2. Let j be n(0). Calculate the highest common divisor of j and u.
3
Suppose 4*o = 4*g - 24, 3*g + 3*o + 2 = 2*g. Suppose 4 + 8 = g*y. Let u be (-3 - (3 + -7)) + 2. What is the greatest common factor of u and y?
3
Suppose -2*h = -5*y - h + 26, -3*h = -2*y. Let c be (y/6)/((-1)/(-26)). Calculate the greatest common factor of 78 and c.
26
Let u(h) = h**3 - 4*h + 3. Let n be u(2). Let r be 2/6 - (-11)/n. Suppose 8 = -4*w + 2*w, 2*w = r*v - 224. What is the highest common divisor of v and 18?
18
Suppose -4*i + i = -27. Suppose 6*f - 4*f = 2. What is the greatest common factor of i and f?
1
Let g(f) = 5*f**2 - 3*f - 6. Let i be g(-4). Suppose 5*u - 3*o = 276, u - o - i = -30. Calculate the greatest common factor of 27 and u.
27
Suppose -d - 10 = -37. Calculate the highest common divisor of 81 and d.
27
Let w(g) = -g + 1. Let m be w(-5). Let l be -5*(1 + 3/(-1)). Let p = 58 - l. Calculate the highest common divisor of p and m.
6
Suppose -8 = 3*l - 68. Let c be (-1 - 0)*(l + -50). Calculate the greatest common divisor of 6 and c.
6
Let o be 36*((-4 - -7) + 10/(-4)). Calculate the greatest common factor of o and 12.
6
Let q = -13 - -13. Suppose 0 = -2*w + 3*o + 32, 3*w + 4*o - 7*o - 54 = q. Calculate the highest common divisor of w and 22.
22
Suppose 0*j - 12 = -2*j + 2*i, i - 6 = -5*j. Calculate the greatest common factor of 8 and j.
2
Let o(y) = -15*y. Let l be o(-2). Suppose -3*x + l = -2*x. Suppose -5*i = -3*d - x, 15 = -0*d + 3*d. What is the greatest common divisor of 81 and i?
9
Suppose 2*b = 26 + 94. Suppose -4*j - 8 - 9 = 3*w, -w = 3. Let s be 1/(-1*j/b). Calculate the greatest common factor of 5 and s.
5
Let v = -12 - -18. Let l be (-30 - 0)*(-1)/2. What is the greatest common divisor of l and v?
3
Let a be (-30)/2*60/(-25). What is the highest common divisor of a and 96?
12
Suppose s = -3*s + 16. Suppose -d = s*a + d - 22, 0 = -4*a - 3*d + 27. What is the greatest common factor of 21 and a?
3
Let z be (2/3)/((-4)/(-138)). Let t = 36 - z. Let c be (-364)/(-21)*(-6)/(-1). Calculate the greatest common divisor of c and t.
13
Suppose 4*r - n - 10 = 3, 4*r - 11 = -n. What is the greatest common factor of r and 3?
3
Let s = 21 + 22. Let n = s + -26. Calculate the greatest common factor of n and 34.
17
Let n(j) = 3 + 2*j + 5*j**2 + 0*j**2 - 1 - 4. Let k be n(-4). What is the greatest common factor of 28 and k?
14
Suppose -7*z = -2*z - 270. Calculate the highest common factor of 18 and z.
18
Let m(j) = -j**3 - 9*j**2 + 9*j - 2. Let o be m(-10). Let z(g) = 2*g. Let f be z(-1). Let w = f - -10. Calculate the highest common divisor of w and o.
8
Suppose -80 = -2*k + 4*w, -4*k + 70 = -2*k - 2*w. What is the highest common factor of k and 12?
6
Suppose 0 = 5*i + 2*a - 18, -i - 4*a = 0. Suppose r + i*r - 100 = 0. What is the highest common divisor of 60 and r?
20
Let x be 4 - ((0 - -2) + -16). Calculate the highest common divisor of 12 and x.
6
Suppose 2*n - 207 = -11. What is the greatest common divisor of 42 and n?
14
Let n = 4 - -6. Let z be (12/n)/(15/250). What is the greatest common divisor of z and 60?
20
Suppose 0 = -a - 2*g, 2*a - 6*a - 4*g + 20 = 0. What is the greatest common divisor of 20 and a?
10
Let j be (-3)/3 - (-1 + -2 + -13). Calculate the highest common divisor of 15 and j.
15
Let f = -11 - -17. What is the highest common divisor of 4 and f?
2
Suppose 4*t + 120 = 4*n, -5*t = n - 3*t - 18. Calculate the highest common factor of n and 65.
13
Let j = 4 - 10. Let h be 2*-1 + (1 - j). Suppose 3*r - h*m - 50 = 0, -4*r = -m - 56 - 5. Calculate the highest common factor of 165 and r.
15
Let v(n) = -3*n**2 - 3*n + 5. Let q be v(3). Suppose -6 = 2*j - 2*g, 5*g = 14 + 1. Let u be j - q - -3 - 2. What is the greatest common divisor of u and 8?
8
Suppose 4*c - 412 = 2*i, -c - 3*c + 5*i = -400. What is the greatest common factor of c and 42?
21
Suppose 9*o - 4*o = -3*t + 28, -4*t = -3*o - 18. Suppose -2*z + 3*m = -21, -m = z - t*m. What is the highest common factor of 60 and z?
15
Suppose 4*b + 54 = 2*b. Let d = b - -39. What is the greatest common divisor of 84 and d?
12
Let x = -18 + -98. Let b = 300 + x. What is the highest common divisor of 23 and b?
23
Suppose -2*h - 289 = -2*p - 5*h, -575 = -4*p - 5*h. Calculate the highest common factor of 28 and p.
28
Let f = 113 + -63. Suppose -m + 0*m = p - 5, 2*m = 0. What is the greatest common factor of f and p?
5
Let a = -714 + 1088. Calculate the greatest common factor of a and 22.
22
Let a = -87 + 97. Let h = 8 - 4. What is the highest common divisor of a and h?
2
Let s(z) = -23*z - 3. Let g be s(-5). Suppose -32 = -x - x. Calculate the greatest common divisor of x and g.
16
Suppose -2*b = -75 + 5. Calculate the highest common factor of b and 7.
7
Suppose -45 - 39 = -7*w. Calculate the highest common factor of w and 4.
4
Suppose -5*w = -3*j - 19, 4*w - 12 = 6*j - 2*j. Let o be (-7)/(-2)*72/21. Let s = o - j. Calculate the greatest common divisor of s and 5.
5
Suppose 4*f - 28 = 12. Let v be (f - 6)/((-1)/(-44)). Calculate the highest common divisor of 22 and v.
22
Suppose h = 2*h. Suppose l - 2*z = 32, h*z - 4*z + 176 = 4*l. What is the highest common factor of 5 and l?
5
Suppose 3*z = 2*s - z - 20, z = 2*s - 23. What is the greatest common factor of 84 and s?
12
Suppose 0 = -a + 42 - 4. Calculate the greatest common factor of a and 95.
19
Let k be 2 + -4 + 130/5. What is the highest common factor of 60 and k?
12
Let w = 16 - 11. Let r be w*3 - (-4 - -3). What is the greatest common factor of 112 and r?
16
Let f be (-8)/(-8) + (207 - -1). What is the highest common divisor of 19 and f?
19
Let q(t) = -t**3 + 4*t**2 - t + 4. Let g(a) = a**3 + 9*a**2 + 8*a + 3. Let f be g(-8). Let n be q(f). Calculate the highest common factor of 110 and n.
10
Let m(s) = s + 1. Let v be m(-5). Let c = 0 - v. Let g be (-4)/(4 + (2 - 7)). Calculate the greatest common divisor of g and c.
4
Suppose q - 2 + 1 = 0. Suppose -9 = -5*a + 6. Suppose q = a*